 m**3 + 15*m**2 - 172*m - 519. What is o(-22)?
-123
Let x(v) = v**3 - 57*v**2 - 136*v + 75. Determine x(59).
-987
Let i(t) = -2471*t - 185323. Give i(-75).
2
Let s(r) = r**2 + 50*r + 20. What is s(0)?
20
Let c(x) = -x**3 + 97*x**2 - 7*x + 954. Calculate c(97).
275
Let s(b) = -1673*b - 4157. Determine s(-3).
862
Let c(d) = -221*d + 10290. Give c(47).
-97
Let j(f) = -3*f**3 - 52*f**2 + 881*f + 2628. Determine j(-27).
-18
Let z(g) = -2*g**3 - 842*g**2 - 1686*g + 4. Determine z(-2).
24
Let w(r) = 430*r + 197811. Determine w(-460).
11
Let a(f) = 5*f**2 - 282*f + 2623. Calculate a(44).
-105
Let q(r) = -396049*r + 3564443. Calculate q(9).
2
Let h(a) = -a**2 - 30477*a + 121905. What is h(4)?
-19
Let m(v) = -55*v**3 - 1273*v**2 - 181*v + 61. What is m(-23)?
-8
Let o(a) = 22848*a + 91399. What is o(-4)?
7
Let v(t) = -17840*t - 250329. Calculate v(-14).
-569
Let z(u) = -68*u**2 - 3123*u + 181. Determine z(-46).
-49
Let r(w) = -36206*w - 217212. Determine r(-6).
24
Let i(r) = 4*r + 457. Determine i(14).
513
Let g(y) = -8972*y + 466554. Determine g(52).
10
Let r(w) = w**3 - 325*w**2 + 9924*w - 8734. Give r(291).
-4
Let h(j) = -12*j**2 + 9237*j - 493423. What is h(712)?
-7
Let o(a) = a**3 + 5*a**2 - 6*a + 56. What is o(4)?
176
Let r(s) = -75*s**2 + 5622*s + 200. Determine r(75).
-25
Let d(t) = -t**3 + 6*t**2 + 3*t - 308. What is d(0)?
-308
Let u(m) = -2544*m + 686869. Determine u(270).
-11
Let k(v) = -682*v - 2731. Determine k(-4).
-3
Let r(n) = 8176*n + 147229. Give r(-18).
61
Let k(v) = -2*v**2 - 1357*v - 228846. What is k(-364)?
110
Let a(v) = -33810*v - 135691. Calculate a(-4).
-451
Let i(h) = h**2 + 347*h + 5947. Determine i(-18).
25
Let c(q) = -8*q**2 - 949*q - 19578. Calculate c(-92).
18
Let w(d) = -52648*d - 157948. What is w(-3)?
-4
Let t(o) = 2*o**3 + 315*o**2 + 7840*o - 84. Determine t(-31).
9
Let z(w) = 132*w + 23050. Calculate z(-177).
-314
Let v(m) = -m**2 + 53*m - 585. Calculate v(39).
-39
Let m(h) = -4715*h - 2117059. What is m(-449)?
-24
Let k(c) = -c**2 + 809*c + 103160. Give k(-112).
8
Let w(k) = -16048*k + 127973. Determine w(8).
-411
Let a(j) = -4*j**2 - 28494*j + 57001. What is a(2)?
-3
Let m(z) = z**3 + 17*z**2 + 86*z + 440. Calculate m(-9).
314
Let g(x) = 148777*x + 1636503. What is g(-11)?
-44
Let a(l) = 2*l**3 - 655*l**2 - 2487*l + 56297. Calculate a(331).
27
Let r(a) = 18*a**2 + 10344*a + 17181. What is r(-573)?
-9
Let b(g) = 2966*g - 62281. Calculate b(21).
5
Let b(h) = -2*h**3 - 42*h**2 - 26*h - 1537. Calculate b(-22).
3
Let w(i) = -3*i**3 + 67*i**2 + 204*i + 1. Calculate w(-9).
5779
Let o(s) = -5*s**2 + 32147*s + 32146. What is o(-1)?
-6
Let s(g) = -37*g + 3022. Determine s(78).
136
Let a(b) = -8*b**3 - 1555*b**2 - 591*b - 617. Give a(-194).
1129
Let p(y) = 10*y**2 - 3203*y + 4156. What is p(319)?
9
Let b(u) = u**3 + 754*u**2 - 6113*u + 141. Determine b(8).
5
Let o(w) = -11800*w**2 - 70818*w - 112. What is o(-6)?
-4
Let u(k) = -1733*k + 320608. Give u(185).
3
Let b(t) = -t**3 + 4*t**2 + 100*t - 221. Give b(2).
-13
Let r(s) = -3159*s + 19005. What is r(6)?
51
Let c(v) = -260801*v + 1303996. Determine c(5).
-9
Let i(m) = m**2 - 102*m + 2093. Calculate i(68).
-219
Let z(a) = -1162*a + 482229. Calculate z(415).
-1
Let g(b) = b**2 - 25001*b - 525406. Determine g(-21).
56
Let h(k) = -214*k + 80836. Calculate h(376).
372
Let u(v) = 5244*v + 26385. Give u(-5).
165
Let b(p) = 1829*p + 51211. Give b(-28).
-1
Let h(f) = -13*f**2 + 845*f + 1752. Determine h(67).
10
Let i(p) = -255810*p - 3325523. Calculate i(-13).
7
Let c(l) = 26*l**2 + 401*l - 1722. What is c(-19)?
45
Let l(b) = 557*b - 10082. What is l(18)?
-56
Let p(q) = 3*q**2 - 381*q + 6937. What is p(105)?
7
Let g(a) = -2*a**2 - 1904*a - 5710. What is g(-3)?
-16
Let i(m) = -42*m**3 + 5502*m**2 - 12*m + 1568. Determine i(131).
-4
Let p(m) = -2*m**3 + 465*m**2 - 239*m + 1326. What is p(232)?
-298
Let l(h) = -59062*h - 6910276. Calculate l(-117).
-22
Let h(n) = 1027*n + 6470. Calculate h(-8).
-1746
Let m(u) = -30*u - 540. Calculate m(3).
-630
Let g(u) = 5*u**3 + 9*u**2 + 13*u + 175. Determine g(-8).
-1913
Let u(y) = 6*y**2 + 1199*y - 2625. Calculate u(-202).
1
Let c(j) = -4110*j**2 - 16453*j - 47. Calculate c(-4).
5
Let z(l) = 45487*l - 454998. Give z(10).
-128
Let x(r) = 18996*r + 5698801. Give x(-300).
1
Let w(p) = -2*p**3 - 129*p**2 + 9*p + 169. Calculate w(-64).
-4503
Let c(t) = 74285*t + 148547. Determine c(-2).
-23
Let b(i) = 2*i**3 + 32*i**2 - 25*i - 3. Calculate b(-13).
1336
Let l(u) = 4658168*u - 32607177. Give l(7).
-1
Let n(r) = -r**3 + 15*r**2 + 7*r + 803. Calculate n(18).
-43
Let x(g) = -4346*g - 373785. Determine x(-86).
-29
Let o(i) = 2*i**3 + 45*i**2 + 698*i + 3771. Determine o(-8).
43
Let j(k) = -1433*k - 381079. Calculate j(-266).
99
Let n(w) = w**3 - 4*w**2 + 5800*w + 104693. Give n(-17).
24
Let y(k) = -k**3 - 11*k**2 - 80*k - 141. Give y(-3).
27
Let q(g) = -143*g - 7503. Determine q(-51).
-210
Let b(h) = -27068*h + 2517316. Determine b(93).
-8
Let b(k) = -k**3 + 14*k**2 + 595*k + 58. Determine b(32).
666
Let w(a) = -2*a**3 - 12*a**2 - 4*a + 12. Give w(-2).
-12
Let m(w) = -7150*w - 500501. What is m(-70)?
-1
Let a(o) = -1483*o**2 + 828999*o - 1133. Determine a(559).
-15
Let h(l) = -l**3 + 12*l**2 - 124*l + 765. What is h(8)?
29
Let g(d) = d**3 + 18*d**2 - 3*d - 456. Give g(-16).
104
Let r(s) = -7501*s + 97236. What is r(13)?
-277
Let d(m) = -2*m**2 + 70*m - 780. What is d(26)?
-312
Let o(y) = 1615*y + 53332. Calculate o(-33).
37
Let c(q) = -3*q**3 - 137*q**2 + 2501*q + 158. What is c(14)?
88
Let w(p) = -p**2 + 27376*p + 356045. Give w(-13).
-12
Let u(t) = 28377*t - 84468. Give u(3).
663
Let x(p) = 43*p**2 - 194*p + 332. Calculate x(10).
2692
Let u(f) = -f**3 + 17*f**2 - 23*f - 237. Give u(6).
21
Let b(d) = -10*d**2 - 4430*d + 45257. What is b(10)?
-43
Let g(m) = 33*m**3 - 22*m**2 - 150*m + 567. Determine g(4).
1727
Let d(r) = -r**3 + 917*r**2 - 32634*r + 65131. Determine d(880).
11
Let n(t) = 5579*t + 44401. Give n(-8).
-231
Let m(n) = 3122*n - 764889. Give m(245).
1
Let m(u) = 2*u**3 + 33*u**2 + 36*u - 49. Calculate m(-15).
86
Let l(c) = 14*c**2 - 201*c - 334. Give l(26).
3904
Let y(a) = 1972*a - 72961. Determine y(37).
3
Let m(q) = -5115*q - 123476. Determine m(-24).
-716
Let d(x) = x**2 - 124*x - 425. Give d(-13).
1356
Let w(j) = 180*j + 8858. What is w(-50)?
-142
Let m(g) = 369*g - 8650. Give m(5).
-6805
Let g(a) = -3*a**2 + 304*a + 105597. Calculate g(245).
2
Let a(d) = -d**3 - 29*d**2 - 28*d - 1236. Calculate a(-22).
-4008
Let x(t) = 34*t**2 - 1116*t + 6. What is x(36)?
3894
Let g(t) = 4280*t + 7796. What is g(-2)?
-764
Let v(c) = c**3 + 90*c**2 - 109*c + 1687. Give v(-92).
-5213
Let p(o) = 10*o**3 - 599*o**2 - 164*o + 983. Calculate p(60).
-5257
Let a(v) = v**2 - 207*v - 8186. Give a(241).
8
Let h(c) = -c**3 - 229*c**2 + 14610*c - 573. Give h(-281).
-11
Let w(y) = 21877*y + 4966072. Calculate w(-227).
-7
Let s(t) = -435*t**2 - 630*t - 632. What is s(-1)?
-437
Let h(y) = 3*y**3 - 129*y**2 + 584*y + 65. Calculate h(5).
135
Let g(c) = 12353*c + 914205. What is g(-74)?
83
Let x(j) = -3*j**3 + 10*j**2 + 297*j - 936. What is x(3)?
-36
Let p(o) = 43*o + 441. What is p(9)?
828
Let q(j) = -3*j**2 - 3423*j - 20. Calculate q(0).
-20
Let b(k) = -17732*k - 443296. Determine b(-25).
4
Let p(m) = 21625*m + 150869. Calculate p(-7).
-506
Let z(w) = -1156*w + 23220. Give z(20).
100
Let a(t) = 3925734*t - 15702929. What is a(4)?
7
Let k(a) = 6*a**2 - 278*a + 5648. Give k(31).
2796
Let a(l) = l**2 + 297*l + 10223. Calculate a(-42).
-487
Let b(g) = g**2 + 30*g + 29. Determine b(-30).
29
Let g(v) = 28*v**3 - 4*v**2 - 54*v - 166. Give g(-3).
-796
Let g(i) = -29*i**3 + 1453*i**2 - 158*i + 366. Give g(50).
-34
Let v(u) = -109*u**2 + 905*u + 18. Give v(10).
-1832
Let s(q) = q**3 - 108*q**2 - 350*q + 61993. Determine s(106).
2421
Let r(g) = -214*g - 5731. Determine r(-29).
475
Let r(v) = 8683*v - 121653. What is r(14)?
-91
Let c(m) = -925*m + 896. Give c(1).
-29
Let l(u) = -4*u**3 - 143*u**2 - 74*u + 1032. What is l(-35)?
-53
Let x(f) = 2*f**2 - 70*f + 428. Give x(7).
36
Let z(j) = -73825*j + 664408. Give z(9).
-17
Let m(h) = -h**3 - 455*h**2 - 10788*h - 16344. Determine m(-430).
-4
Let g(n) = n**2 - 7*n - 4116. Calculate g(-61).
32
Let a(u) = 255*u - 13182. Calculate a(52).
78
Let 